10100000001
In base 14, what is 91c7c - -8?
91c86
In base 11, what is 1 + -95a?
-959
In base 13, what is 30ca0 + 8?
30ca8
In base 14, what is -8555 + 2?
-8553
In base 9, what is 11 + 256523?
256534
In base 3, what is 1021100120200 + 11?
1021100120211
In base 13, what is -3 + -45779?
-4577c
In base 8, what is 1 - -2040?
2041
In base 6, what is 2140 - 10014?
-3434
In base 16, what is 15215 - 1?
15214
In base 5, what is -422142 + 1?
-422141
In base 9, what is 6303 + -2?
6301
In base 3, what is 122220211 - 1?
122220210
In base 11, what is -23a - 2405?
-2644
In base 5, what is 14142 + -24123?
-4431
In base 11, what is -2 + 84400?
843a9
In base 6, what is 4542 - -33?
5015
In base 3, what is -10012 + -2222111?
-10002200
In base 14, what is 53c - 109?
433
In base 2, what is 1010111111 + -11101100?
111010011
In base 11, what is -3163 - -388?
-2886
In base 2, what is -1 - -1101011111010001?
1101011111010000
In base 4, what is -22 - 110312?
-111000
In base 9, what is -311488 - -1?
-311487
In base 6, what is 2 + -1252351?
-1252345
In base 8, what is 6 + 54750?
54756
In base 8, what is 13163 - 1?
13162
In base 14, what is -1290b + -5?
-12912
In base 9, what is 1084 + 133?
1227
In base 3, what is -202111 + 2020?
-200021
In base 10, what is -20 - -29415?
29395
In base 12, what is 382a - -143?
3971
In base 15, what is -8278a + -3?
-8278d
In base 16, what is 53 - -82?
d5
In base 11, what is 3 + 29632?
29635
In base 15, what is 2a + 143c?
1467
In base 15, what is -30679 - 19?
-30693
In base 15, what is c9 - 2?
c7
In base 15, what is 8 + -a7ba?
-a7b2
In base 11, what is -964 - 718?
-1581
In base 9, what is 3 + 765?
768
In base 2, what is -11 + -100100011010110010?
-100100011010110101
In base 4, what is 13232223 - -21?
13232310
In base 10, what is 500 + 210?
710
In base 6, what is 32 - 104134?
-104102
In base 5, what is 11 - 434014?
-434003
In base 3, what is 11121012120102 + -12?
11121012120020
In base 14, what is -8076 - 4?
-807a
In base 9, what is -2467 + -5?
-2473
In base 7, what is 2 - 365202?
-365200
In base 13, what is 483 + -48?
438
In base 14, what is -d32 + 3?
-d2d
In base 15, what is -1 - 49c04?
-49c05
In base 3, what is 11 + 220020220?
220021001
In base 13, what is -8958 - 67?
-89c2
In base 13, what is -19c - -a1?
-cb
In base 7, what is -41 + 40355?
40314
In base 8, what is 27677 - -7?
27706
In base 16, what is 2968f - 2?
2968d
In base 15, what is -2 + -3c98d?
-3c990
In base 11, what is -8289 - -6?
-8283
In base 12, what is 24881 + -1?
24880
In base 8, what is 0 + -50127?
-50127
In base 11, what is -115772 - 1?
-115773
In base 15, what is -5222 + 73?
-519e
In base 5, what is 212321 - -12?
212333
In base 4, what is 233 + 111132?
112031
In base 15, what is 2 - a2663?
-a2661
In base 10, what is -101 + 25972?
25871
In base 6, what is 0 - -21050230?
21050230
In base 10, what is 151 - -15506?
15657
In base 9, what is -60566 + 3?
-60563
In base 2, what is 110110110 - 111100101?
-101111
In base 10, what is 6 + 32114?
32120
In base 8, what is -1440055 - -11?
-1440044
In base 7, what is -31 - -10261?
10230
In base 7, what is 111512 + -21?
111461
In base 9, what is -201087 - -5?
-201082
In base 4, what is -130 - -101000?
100210
In base 14, what is 96 + aa?
162
In base 7, what is 2 - -16211?
16213
In base 11, what is -859 + -138?
-996
In base 8, what is -3 - 126345?
-126350
In base 14, what is 38c3c + 3?
38c41
In base 4, what is 11313211 - -111?
11313322
In base 14, what is 59899 + -1d?
5987a
In base 12, what is -2943 - -45?
-28ba
In base 9, what is 305 - 348?
-43
In base 5, what is -4 - -222223311?
222223302
In base 12, what is b1 - 1445?
-1354
In base 11, what is 5 + -66111?
-66107
In base 7, what is -103465334 - 4?
-103465341
In base 10, what is 6915 - -420?
7335
In base 15, what is 83aa + -8?
83a2
In base 12, what is -15 - 239b?
-23b4
In base 16, what is -2 + 902?
900
In base 14, what is -3557 + 31?
-3526
In base 6, what is 13545333 + 0?
13545333
In base 12, what is -1231 + -6?
-1237
In base 11, what is -37889 - 7?
-37895
In base 7, what is 3 - -212103?
212106
In base 2, what is 111100000 + -1001001?
110010111
In base 2, what is 1100111 + -11111101101?
-11110000110
In base 2, what is -1111101111000110011010 - -101?
-1111101111000110010101
In base 8, what is -116701 + -5?
-116706
In base 6, what is -150 - 11130?
-11320
In base 10, what is -7 - -2594?
2587
In base 10, what is -2510 - 2058?
-4568
In base 12, what is -358 + 1a1?
-177
In base 8, what is 54 + 652?
726
In base 7, what is -126 + -553?
-1012
In base 7, what is 220451 - 6?
220442
In base 15, what is 7 + -92e?
-927
In base 13, what is 6 + -21c9?
-21c3
In base 10, what is -113 - -2444?
2331
In base 2, what is -110001100001110 + 10?
-110001100001100
In base 4, what is 203 - -101021?
101230
In base 5, what is 1140 + 1120?
2310
In base 13, what is -3b + 5ac?
571
In base 6, what is 45 + 141150?
141235
In base 9, what is -127716 + 2?
-127714
In base 11, what is -30a312 - 0?
-30a312
In base 16, what is -230a + -3?
-230d
In base 16, what is -1 + 6475b?
6475a
In base 16, what is 4 - 2d80?
-2d7c
In base 4, what is -33223211 - 12?
-33223223
In base 13, what is 83 + a018?
a09b
In base 14, what is -2c1bc + 0?
-2c1bc
In base 5, what is -10 - 400320?
-400330
In base 16, what is 12636 - 1?
12635
In base 11, what is -67064 - -3?
-67061
In base 5, what is -121301 - -3?
-121243
In base 3, what is 112022 - -20211?
210010
In base 15, what is 201 - -11?
212
In base 9, what is 52663 - 7?
52655
In base 10, what is 12542 + 2?
12544
In base 13, what is 259 - 1b1c?
-1893
In base 11, what is 160 - 210?
-60
In base 2, what is 100111 + 1110111101111110?
1110111110100101
In base 10, what is 84 + -31985?
-31901
In base 15, what is 140160 + -4?
14015b
In base 4, what is 10020323122 - 0?
10020323122
In base 14, what is 72 + 176a?
17dc
In base 14, what is 42 - 9b?
-59
In base 10, what is 5260 + -226?
5034
In base 8, what is 5366 - 17?
5347
In base 16, what is 292 + 106?
398
In base 9, what is -13 - 27540?
-27553
In base 9, what is 1 - -247606?
247607
In base 10, what is 136 + -1132?
-996
In base 12, what is -2089 + -15?
-20a2
In base 12, what is -28 - 160?
-188
In base 6, what is 31 + -1455?
-1424
In base 2, what is 10010001 + 1000011011?
1010101100
In base 6, what is 135303 - 35?
135224
In base 12, what is 1355 + 5?
135a
In base 7, what is -2 - 6646?
-6651
In base 5, what is -4003 - -102204?
43201
In base 9, what is 7 - -77452?
77460
In base 16, what is -3b083 + -2?
-3b085
In base 16, what is 3 - -8a59?
8a5c
In base 15, what is 113 - -4c6?
5d9
In base 8, what is -14 + 53471?
53455
In base 10, what is 5042 + -1?
5041
In base 11, what is -13301 + 2?
-132aa
In base 15, what is -119d - 74?
-1222
In base 8, what is 4 + -72451?
-72445
In base 6, what is 3021554 + 14?
3022012
In base 12, what is 4 + -29?
-25
In base 9, what is 35 - 1616?
-1571
In base 15, what is 5 - -8358?
835d
In base 15, what is -b - -b09?
aed
In base 5, what is 43103044 + 4?
43103103
In base 11, what is -2a2 - 58?
-34a
In base 9, what is 145078 + 3?
145082
In base 5, what is -12203 + -32?
-12240
In base 2, what is 11001101010100101110 - 1?
11001101010100101101
In base 15, what is -4 - 967?
-96b
In base 2, what is -11001000 - 1001000?
-100010000
In base 9, what is 0 + -168737?
-168737
In base 11, what is 154 + -34a?
-1a6
In base 4, what is 3033023 - 3?
3033020
In base 4, what is 0 - 10223311122?
-10223311122
In base 2, what is -1 + -100100010101111?
-100100010110000
In base 7, what is 1011604 - 1?
1011603
In base 4, what is -1 - 1313333323?
-1313333330
In base 8, what is 50117 + 4?
50123
In base 10, what is -4 - -798897?
798893
In base 13, what is -b47 + -38?
-b82
In base 6, what is 4443020 - 4?
4443012
In base 13, what is -2 + -19c4?
-19c6
In base 9, what is -53 + 31504?
31441
In base 8, what is 132 + 17235?
17367
In base 8, what is 4 + 14771?
14775
In base 2, what is -11110 + -11010100000?
-11010111110
In base 16, what is 1628 - -20?
1648
In base 6, what is -2532002 + 1?
-2532001
In base 4, what is 200 + -33230122?
-33223322
In base 16, what is -25e + -167d?
-18db
In base 16, what is -225 + -95e?
-b83
In base 11, what is -4560 + 349?
-4212
In base 6, what is 22 - 12152?
-12130
In base 2, what is 10111110 + -10110010100000?
-10101111100010
In base 3, what is -122021 +